**2 + 18*x + 3. What is the tens digit of v(h)?
6
Let q(a) = -a**3 + 22*a**2 - 10*a + 28. What is the hundreds digit of q(21)?
2
Suppose 0 = -7*y + 8*y - 10. Let g(a) = a**3 - 9*a**2 - 10*a - 4. Let t be g(y). What is the tens digit of (4 - 3) + 62 + t?
5
Let f(h) = 9*h**2 - 3*h + 22. Let d(z) = -z**2 + 11*z - 24. Let a be d(7). What is the tens digit of f(a)?
5
Suppose -y + 54 - 179 = 4*p, 549 = -5*y - p. Let i = y + 249. What is the units digit of i?
0
Suppose -24*x + 42687 + 8817 = 0. What is the thousands digit of x?
2
Suppose -3*q - 1695 = n - 7246, 3*n - 16693 = q. What is the thousands digit of n?
5
Suppose 5*v + 20 = 5*r, -2*r = -r - 4*v - 7. Let q be (-6)/(-1)*5/10. Suppose r*t = 0, -4*t = q*o - 3*t - 81. What is the units digit of o?
7
Let u(g) be the first derivative of g**3/3 + 5*g**2 - 14*g - 1. Let h be u(-12). Suppose -52 = -3*q - h. What is the units digit of q?
4
Suppose -7*x + 1161 - 118 = 0. Let k = x + -41. What is the hundreds digit of k?
1
Let k(c) = c**2 - 9*c + 9. Suppose 0*z - z = 5*h - 33, -z + 3*h - 7 = 0. What is the units digit of k(z)?
1
What is the units digit of 7530/4 - 29/58?
2
Let b(x) = -x**3 - 3*x**2 + 6*x + 2. Suppose -5*v = -15, 2*y - 4*v + 11 = -3*v. Let g be b(y). Let o(i) = 3*i**2 + 10*i + 1. What is the tens digit of o(g)?
4
Let y(p) = 13*p**2 - 23*p - 32. What is the hundreds digit of y(6)?
2
Let k(x) = -x**3 - 5*x**2 + x + 9. Let b be k(-5). Suppose 5*u - b*z - 342 = 0, 3*u - 3*z = 260 - 53. What is the tens digit of u?
6
Suppose 8 = u + 6. Suppose -3*t + u + 28 = 0. What is the tens digit of t?
1
Let c be (1 - 0) + 263 + 1. Suppose 87 + c = 2*u. Suppose -5*z = -u - 184. What is the tens digit of z?
7
Suppose -7*d - 2 = 5. Let m(w) = -w**3 + 6*w**2 + 1. Let f be m(6). What is the units digit of f - (d - -8)/(-1)?
8
Suppose -8*j + 4*j = 4*h - 3492, -5*h - 4345 = -5*j. What is the units digit of j?
1
Let c(r) = -3*r - 1. Let t be c(-1). Let v(z) = -15 + 8*z - 6 + t*z + 0. What is the tens digit of v(8)?
5
Suppose -b + 25 = 4*b. Suppose -3*c + 26 = 2*s - 5*c, s + b*c + 11 = 0. What is the tens digit of 112/(-6)*s/(-6)?
2
Let x = 469 + -277. What is the units digit of x?
2
Suppose 4*z - 11 = 1. Suppose -3*g + 2*a = -109 - 47, 3*g - z*a = 159. What is the tens digit of g?
5
Suppose -m - 2*m = 3. Let n(v) = -13*v + 1. Let o be n(m). Let p = o - -9. What is the tens digit of p?
2
What is the units digit of (-9)/(-63)*(-14)/(-4)*974?
7
Let o(f) = -f**3 - 3*f**2 + f + 2. Let v be o(-3). Let w = -29 - -16. Let k = v - w. What is the tens digit of k?
1
Let l(t) = -t + 7. Let p be l(7). Suppose -5*n - 6 - 14 = p, 3*n + 34 = r. What is the tens digit of r?
2
Let y = -27 - 1. Let q = 20 - y. Suppose -22*d + q = -20*d. What is the tens digit of d?
2
Let m(i) = -i**2 - i - 1. Let h(y) = -4*y**2 - 20*y + 14. Let q(j) = -h(j) + 5*m(j). Let u be q(13). What is the units digit of (-546)/u*1/(-2)?
9
Let a(m) = 129*m - 495. What is the hundreds digit of a(10)?
7
Suppose 2*z + 4 = 3*z. Suppose 5*j = 0, -2*j - z = -2*u - 8. What is the units digit of (u/8)/((-1)/4)?
1
Let b be 0/3 - 12/8*-2. Suppose 0 = -3*r - b*q + 264, -q + 1 = -0*q. What is the tens digit of r?
8
Let i be 1/(3 - 8/3). Suppose n = -i*n + 36. What is the units digit of (0 + (-33)/n)*-3?
1
Let z = 7 - 5. Let r(w) = w**2 - 2*w. Let m be r(z). Suppose h = -m*h + 7. What is the units digit of h?
7
Suppose 0 = 4*b - 5*n + 1, -5*b + 0*n = 2*n - 40. Suppose -m - 16 = b. Let i = 62 + m. What is the tens digit of i?
4
Suppose -q = 2*d + d, 0 = -q. Suppose 0*b + 7*b - 105 = d. What is the tens digit of b?
1
Suppose 28*i = -33946 + 98178. What is the hundreds digit of i?
2
What is the hundreds digit of (2/(-4))/((-12)/(-1208))*-12?
6
Let k = 368 + -281. What is the tens digit of k?
8
Suppose -6*h - 43 = 3*q - h, 0 = -3*h + 3. Suppose f - 10 = -14. What is the tens digit of (q/12)/(f/126)?
4
Let c be (-15)/10*2*2. What is the units digit of 2/c*-6 - -158?
0
Let c = 902 + -481. What is the tens digit of c?
2
Let o = -2 + -1. What is the units digit of (-6)/(o/((-27)/(-6)))?
9
Let h(n) = -n**3 + 19*n**2 - 9*n + 105. What is the hundreds digit of h(14)?
9
Suppose 0 = 5*t - 10 - 5. Suppose 227 = 4*y + 5*i, 203 = t*y + y - 3*i. What is the units digit of y?
3
Suppose -5*r = -3*j - 2050, -r - 4*j = -0*r - 410. What is the units digit of r?
0
Let n be 0 + -3 + 4/(8/294). Suppose n = 5*b - 241. What is the units digit of b?
7
Suppose -1744 - 3260 = -12*p. What is the hundreds digit of p?
4
Let v(p) = p**3 + 10*p**2 - 3*p - 4. Let k be v(-5). Suppose 0*d + k = d - 3*q, 4*q + 625 = 5*d. What is the tens digit of d?
2
Let w = 7 - 4. Let b be (w*-50)/(-2) - -2. Suppose -b = -5*q + 33. What is the units digit of q?
2
Let n = 691 + -21. What is the tens digit of n?
7
Let a(r) = 2*r - 11. Let m be a(8). Suppose -3*c + 15 = -4*h, -h - 25 = 2*h - m*c. What is the units digit of h + 1 + (-54)/(-3)?
9
Suppose -9*u + 9106 = 547. What is the hundreds digit of u?
9
Let t(u) = u**3 + 22*u**2 - 2*u - 5. What is the tens digit of t(-20)?
3
Let r(j) = -7*j + 199. What is the hundreds digit of r(-18)?
3
What is the hundreds digit of 2 - (-563*1 - (-14 - -13))?
5
Let s = 36 + -72. Suppose 6*h + 60 = h. Let j = h - s. What is the units digit of j?
4
Let n = -1381 + 2387. What is the thousands digit of n?
1
Let p(g) = 47*g - 8. Let s be 1 + (-8)/((-8)/3). What is the tens digit of p(s)?
8
Let s = -140 + 406. Suppose s*i + 630 = 271*i. What is the units digit of i?
6
Let m(x) = -x**3 + x**2 - 2*x + 3. Suppose -z + 4 = 3*f + 11, f - 5 = -4*z. Let j be m(z). What is the units digit of 1/5 + (-9)/j?
2
Let m = -24 + 24. Suppose m*a = -4*a + 612. What is the hundreds digit of a?
1
Let v(n) = n**2 + 3*n - 4. Let b be v(-4). Suppose -5*i + 4*x - 8*x + 258 = b, -4*x + 96 = 2*i. What is the tens digit of i?
5
What is the units digit of -1605*-2*(36/6)/12?
5
Suppose -5*q - m + 11207 = 0, -1357 - 870 = -q - 5*m. What is the tens digit of q?
4
Suppose -2 + 11 = 3*y. Let n = 117 - 117. Let a = y - n. What is the units digit of a?
3
What is the units digit of (24 + -21)/(3/1499)?
9
Suppose -3*v + 2*i = -56, 4*v = -4*i - 0*i + 108. Suppose -24*w + v*w = -360. What is the units digit of w?
0
What is the tens digit of 1768/32 + 1/(-4)?
5
Suppose 107 + 38 = 5*a. Let m = a + -22. Suppose -2*g - m = -75. What is the tens digit of g?
3
Let k(i) = i**2 - 7*i + 15. Let l = 50 + -42. What is the tens digit of k(l)?
2
Let p = 233 + -165. Let u be (28/21)/((-7)/((-126)/(-8))). What is the units digit of (u + (-7)/(-2))*p?
4
Suppose -104 = 3*s - 6*v + 2*v, 5*s = -4*v - 216. What is the units digit of (s/15 + 2)/(2/(-237))?
9
Let t(k) = -12*k + 2. Let f be t(3). Let b = -423 - -419. What is the tens digit of f/(3 + b - 0)?
3
Suppose 5*f - 489 = u + 383, 2*f = 5*u + 358. Let v be (f/(-5))/(-3)*5. Suppose v = 5*y - 227. What is the tens digit of y?
5
Let w = 1943 - 1353. What is the tens digit of w?
9
What is the units digit of (-101*(1 + 0))/4*-8?
2
Suppose -27 = -5*c + j, 0*c - 18 = -2*c - 2*j. Suppose 0 = -c*d + d - 45. What is the tens digit of 4/12 + (-132)/d?
1
Let m = -162 + 663. What is the units digit of m?
1
Let f be -2*-11*(-4)/(-8). Let c = 16 - f. Suppose 0 = -5*v - c, -2*q + 3*v = -55. What is the tens digit of q?
2
Let y be 1 + (1 + 0)/1. Let w(r) = -2*r**2 + r**3 - 25*r**y + 8*r**2 - 12*r + 6*r**2 - 7. What is the units digit of w(14)?
1
Suppose 4*c - 9 = c, 3*g + 600 = c. Let q = g - -380. What is the units digit of q?
1
Suppose 3*t = -5*h - 0*t + 7996, 5*h - 5*t - 7980 = 0. What is the thousands digit of h?
1
Let g be 1/(-3)*13/(39/(-18)). Suppose g*h - 163 = 83. What is the tens digit of h?
2
Suppose -j = -3*m + 15, 9*j - 1 = -4*m + 4*j. Suppose 0 = -0*c + m*c - 152. What is the tens digit of c?
3
Let z be 6 + 135/(-25) + (-7234)/(-10). Suppose -6*f + z = -2*f. What is the units digit of f?
1
What is the units digit of ((-66)/297 - 10/36)*-4610?
5
Let n(f) be the first derivative of 139*f**3/3 - f**2 - f - 31. What is the tens digit of n(-1)?
4
Let a = -5 - -7. Let o = -3 + a. What is the units digit of (5 + -6)/(o/8)?
8
Suppose 13*b = 15*b - 20. What is the units digit of 4/b - (-2)/(10/3)?
1
Suppose -2*i - 1 = -0*i - 3*g, -g = 2*i - 3. Suppose n = -j + 14, 35 = 2*j - 4*n + i. What is the tens digit of